40. What is the highest common factor of k and 20?
4
Let i = -228 + 312. What is the greatest common divisor of 1344 and i?
84
Let s(a) = -a**3 + 18*a**2 - 20*a - 33. Let u be s(16). Let b be 5 + -4 + -5 + u. Calculate the highest common divisor of b and 62.
31
Suppose 2*f - 5*f - 26 = -2*u, 0 = -2*f + 4. Let p = -6 + u. Let k(n) = n**3 + 14*n**2 - 5*n. Let m be k(-14). What is the highest common factor of p and m?
10
Suppose -163*u - 2 = -164*u. Suppose 9 = 2*z - r - 7, 5*z = -r + 40. Calculate the greatest common divisor of u and z.
2
Let b(a) = 2*a**2 + 7*a + 1. Let s be b(-5). Suppose -s*m = -21*m + 140. Let v be (m/(-21))/((-4)/6). Calculate the highest common divisor of v and 6.
2
Let x = 153 + -133. What is the highest common factor of 260 and x?
20
Let l(w) = -w**3 - 12*w**2 - 28*w + 59. Let o be l(-7). What is the highest common factor of o and 145?
5
Suppose 0 = 3*k + k - 20, 3*l + 3 = -3*k. Let o(p) = -p**2 - 7*p - 3. Let x be o(l). Let t be 0 - (-2 - 3)*x. What is the highest common divisor of 75 and t?
15
Let t = 533 + -390. Calculate the highest common divisor of 11 and t.
11
Let o(t) = t**3 - 8*t**2 + 9*t + 2. Let q = 2 - 0. Suppose q*m = -8 + 22. Let v be o(m). What is the greatest common factor of v and 24?
8
Suppose -5*k = -3*k - 120. Suppose h - m - 750 = -4*h, 4*h = m + 600. Calculate the greatest common divisor of k and h.
30
Suppose -3*n + 4*l + 101 = 0, -5*n - 3*l + 177 = -l. Suppose -3*c = -n - 43. Suppose 0 = 2*r - 6*r + 156. Calculate the greatest common divisor of r and c.
13
Let l be 3190/(-116)*(-56)/10. Let h(p) = 14*p**2 - p - 1. Let g be h(-1). What is the highest common factor of g and l?
14
Let q = -201 - -223. What is the highest common factor of q and 396?
22
Suppose -7*c + 79 = -341. Calculate the highest common factor of 570 and c.
30
Let a = -7 + -7. Let x = a + 19. Suppose 0 = -3*j + 2*o + 454, 4*j + x*o - 360 = 253. Calculate the greatest common divisor of 19 and j.
19
Let i(k) = -k**3 - k**2 - k + 3. Let n be i(0). Let w be (9/(-12))/(n/(-168)). Suppose 2*d - 14 = -2. Calculate the greatest common divisor of d and w.
6
Let i be -68*(12/9)/((-16)/72). Calculate the highest common divisor of 2176 and i.
136
Let d = 838 - 398. Let u be (-2)/4 + (8 - (12483/(-18))/19). What is the highest common factor of d and u?
44
Suppose 0 = -8*s + 216 + 624. What is the highest common factor of s and 2100?
105
Suppose 257 = 9*d - 220. Calculate the highest common factor of d and 1378.
53
Let j = 286 + -256. What is the greatest common divisor of 30 and j?
30
Let z(k) = 2*k**2 - 26*k + 10. Let d be z(17). What is the highest common factor of d and 2?
2
Let a = 169 + 0. Calculate the highest common factor of a and 26.
13
Suppose 5*f - k - 198 = 0, -10*f + 5*f + 3*k = -194. Calculate the greatest common factor of 110 and f.
10
Let p be (0 - -3) + (9 - 7). Let z be (9 - -1)*(p + -4). Suppose 5*x - 4 - 6 = 0. What is the highest common factor of z and x?
2
Let f be 4/(-12) + 110/6. Let y = -13 + f. Suppose 40 = -0*b + y*b. Calculate the highest common divisor of b and 80.
8
Let o(y) = -2*y + y - 7 - 3 - 2*y. Let v be o(-6). Let c be (v/(-10))/((-2)/55). Calculate the greatest common factor of c and 242.
22
Let i = 34 + -51. Let w be ((-33)/(-2))/((102/(-36))/i). What is the highest common divisor of w and 9?
9
Let j be ((-15)/4)/(165/(-220)). What is the highest common factor of 55 and j?
5
Let u(y) = y**2 + 12*y - 12. Let b be u(8). Suppose 3*q = b + 77. Suppose -67*n + 2*r + 21 = -66*n, -3 = r. Calculate the highest common factor of q and n.
15
Let p = -5 + 8. Let h(m) = m + 0*m - 3*m + 4*m + 3. Let x be h(p). Calculate the highest common factor of x and 9.
9
Suppose 4*x - 14*m = -16*m + 1520, 4*m = -4*x + 1528. Calculate the greatest common divisor of 28 and x.
14
Suppose 4493*s - 4500*s = -70. Suppose 0 = k - 2*k - 4*r + 74, 5*k + 2*r - 352 = 0. What is the highest common divisor of k and s?
10
Suppose -a - 2*c = 3*c - 31, -c = -a + 37. What is the greatest common divisor of a and 90?
18
Let b = -156 - -281. Suppose 0 = -2*v + 1 + 11. Let u(p) = 2*p**2 - 2*p - 10. Let r be u(v). What is the highest common factor of b and r?
25
Suppose -203 = -3*x + 4*k, -7*x - 3*k = -8*x + 71. Calculate the greatest common divisor of x and 52.
13
Suppose s - 2*c - 6 = -3*s, 0 = -s - c + 9. Suppose 7*n - 9 = s*n. Suppose -56 = -n*k + 2*k. Calculate the greatest common divisor of 8 and k.
8
Let i(k) = k**3 - 4*k**2 - 10*k - 21. Let s be i(7). Suppose 0 = -3*v + 7*v - 336. Calculate the greatest common divisor of s and v.
28
Let o(g) = -74*g - 2 + 4*g**2 - g**2 + 0*g**2 + 75*g. Let x be o(2). Let f = -75 - -171. Calculate the highest common factor of x and f.
12
Let j be ((-1)/1)/((-12)/(-14) - 1). Let f = j - -18. What is the greatest common divisor of 5 and f?
5
Suppose -2*f + 24 = -20. Suppose -4*n - 5*v = 2, 2*v + v = -6. Suppose g - n*g - 194 = -l, -4*l + 772 = -5*g. Calculate the greatest common factor of l and f.
22
Suppose 4*z - 1438 = 658. Calculate the highest common divisor of 4 and z.
4
Suppose 3*t - 4257 = -4137. Calculate the highest common divisor of 180 and t.
20
Suppose 2*u - 6*f = -5*f + 94, 0 = -u - f + 41. Calculate the greatest common factor of u and 10.
5
Suppose -4*y + 9 = -y. Suppose 4*q + 3*f = 61, 3*f - 6 - 42 = -y*q. What is the greatest common divisor of 39 and q?
13
Let p(n) = n - 10. Let x be p(9). Let u(f) = -20*f**3 - f - 1. Let a be u(x). Suppose -3*t + 107 = -43. Calculate the greatest common divisor of a and t.
10
Let a(p) = -3 - 7*p**3 + 11*p + 9*p**2 - 4 + 6*p**3. Let m be a(10). Suppose 9 = c - 3*s - 18, m*c = -5*s + 25. What is the greatest common factor of 6 and c?
3
Suppose -56*w - 48 = -60*w. Let g(a) = 4*a**2 + 2*a - 2. Let d be g(2). Suppose 2*k = 42 - d. Calculate the highest common divisor of k and w.
12
Let y(z) = 10*z**2 - 11*z + 52. Let w be y(5). Calculate the highest common factor of w and 65.
13
Let j(z) = z**3 - 1. Let b be j(2). Let i be 1/6 + (-2896)/96. Let h = 5 - i. Calculate the highest common divisor of h and b.
7
Let w(a) be the first derivative of 8 + 9/2*a**2 + 8*a + 1/3*a**3. Let m be w(-9). Calculate the greatest common divisor of m and 72.
8
Let v = 175 - 40. Suppose 0 = -3*k - 3*s + v, -87 - 138 = -4*k + 5*s. Calculate the greatest common divisor of k and 350.
50
Suppose -2 = -4*u + 6. Suppose 5*g = -4*t + 4*g + 44, 3*t - 33 = -u*g. Calculate the highest common factor of 99 and t.
11
Let a(j) = j**3 + 3*j**2 - 4*j + 4. Let f be a(-4). Let t be (-59 - -51)/(17/(-16) + 1). Let z = 132 - t. What is the highest common divisor of z and f?
4
Let s = 192 + 4. Suppose 2*v = -4*b + 122, 8*b - 36 = 6*b + 4*v. Calculate the greatest common factor of s and b.
28
Let m = 643 + -634. What is the greatest common divisor of 603 and m?
9
Let k = 220 + -196. Calculate the greatest common divisor of k and 264.
24
Suppose -28 = 6*y + 8. Let h be 4 + y - -2*9. Calculate the highest common factor of 112 and h.
16
Let q be (2 + 2)*(-31)/4. Let z be 1/(270/(-134) + 2). Let g = q - z. What is the highest common factor of 4 and g?
4
Let m(i) = -17*i + 71. Let n be m(4). Calculate the greatest common divisor of n and 96.
3
Suppose -5*n - 125 = -150. Let x be 2/(-4)*(-70)/1. What is the greatest common factor of x and n?
5
Suppose 4*g - 3*z + 494 = 9*g, -z = 2*g - 198. Suppose -2*x - f = -161, 2*f + g = x + 32. Calculate the highest common factor of x and 13.
13
Suppose -9*t - 4*v = -11*t + 478, 4*t = -5*v + 1008. What is the greatest common divisor of 57 and t?
19
Let d(s) = -s**3 - s**2 + s + 24. Let v be d(0). Let q be (-12)/(-1 + -3) + v. Let o = 16 - 7. What is the highest common divisor of q and o?
9
Suppose -260 = -7*c + 2*c. Suppose 0 = -4*o - 9*o + c. Suppose -2*n + n + 4*r = -32, 2*n - 5*r - 67 = 0. Calculate the greatest common divisor of o and n.
4
Let c = -98 - -103. Suppose -4*b = 5*h - 479, 2*h + 3*h + 655 = c*b. Calculate the highest common divisor of b and 28.
14
Let c(t) = t**3 - 11*t**2 - 23*t + 57. Let j be c(13). What is the greatest common factor of 6 and j?
6
Suppose 7*g + 2 = 8*g. Suppose -4*h = -5*f + 21, -2*f + 6*f - 12 = g*h. Let b be (0 + 1)/(f/16). What is the greatest common divisor of 8 and b?
8
Suppose 0*s + 45 = 4*s + k, -3*s - 2*k + 35 = 0. Suppose 5*p + 1 = s. 